{"id":103,"date":"2017-11-28T13:16:43","date_gmt":"2017-11-28T12:16:43","guid":{"rendered":"http:\/\/urasenke-austria.at\/?page_id=103"},"modified":"2020-01-31T16:32:20","modified_gmt":"2020-01-31T15:32:20","slug":"2008-2","status":"publish","type":"page","link":"http:\/\/urasenke-austria.at\/?page_id=103","title":{"rendered":"2008"},"content":{"rendered":"<h4 style=\"text-align: center;\"><strong><span style=\"color: #ff0000;\"><a href=\"http:\/\/urasenke-austria.at\/?page_id=312\" target=\"_blank\" rel=\"noopener noreferrer\">Die Gr\u00fcndungszeremonie<\/a>:<\/span><\/strong><\/h4>\n<p style=\"text-align: center;\"><span style=\"color: #000000;\">Der Verein\u00a0 \u201e<strong>Chado Urasenke Tankokai Austria Association\u201c <\/strong>wurde am<strong> 19. Oktober 2008 <\/strong>mit Unterst\u00fctzung von<strong> NOJIRI<\/strong> (S\u014dmei) <strong>Michiko <\/strong>Sensei (Rom\/Italien) gegr\u00fcndet. Michiko Sensei ist die Hauptlehrerin von Tankokai Austria. <\/span><\/p>\n<p style=\"text-align: center;\"><span style=\"color: #000000;\">Gr\u00fcndungs- und Ehrenpr\u00e4sident <\/span><span style=\"color: #000000;\"><strong>Prof. DDr. Peter <\/strong>(S\u014do)<strong> SCHENDL<\/strong><\/span><\/p>\n<p style=\"text-align: center;\">Ehrengast S.E. Botschafter <strong>TANAKA Utsuotoko<\/strong><\/p>\n<h5 style=\"text-align: center;\"><a href=\"http:\/\/urasenke-austria.at\/?page_id=73\" target=\"_blank\" rel=\"noopener noreferrer\"><strong>CERTIFICATE<\/strong><\/a><\/h5>\n<ul>\n<li><strong>J\u00e4nner <\/strong>(2.-6.) Winter Intensive Tea Ceremony Seminar of Clerlande\/Belgien<\/li>\n<li><strong>Februar<\/strong> (2.-3.) Chanoyu-Seminare in Wien mit <strong>Hiromi<\/strong> (S\u014dhaku)<strong> Straub-Yamada <\/strong>Sensei (Genf\/Schweiz)<\/li>\n<li><strong>Juni<\/strong> (8.-9.) Chanoyu-Seminar in Wien mit <strong>Ursula<\/strong> (S\u014dko) <strong>Kohli<\/strong> Sensei (Bern\/Schweiz)<\/li>\n<li><strong>Juni<\/strong> (8.-12-) XVI. Tea Ceremony Seminar in Hurtebise\/Belgien<\/li>\n<li><strong>Juli<\/strong> (6.-10) IX. Tea Ceremony Seminar with Zen Sesshin in St. Ottilien\/Deutschland<\/li>\n<li><strong>Oktober<\/strong> (18.-20.) <a href=\"http:\/\/urasenke-austria.at\/?page_id=323\" target=\"_blank\" rel=\"noopener noreferrer\"><strong>Chanoyu-Seminar<\/strong><\/a> in Wien mit <strong>NOJIRI <\/strong>S\u014dmei<strong> Michiko<\/strong> Sensei und <strong>SCHENDL<\/strong> S\u014do <strong>Peter<\/strong> Sensei<\/li>\n<li><strong>Oktober<\/strong>(20.) <strong>Ehrengast<\/strong> S.E. Botschafter <a href=\"http:\/\/urasenke-austria.at\/?page_id=334\" target=\"_blank\" rel=\"noopener noreferrer\"><strong>TANAKA Utsuotoko<\/strong><\/a><\/li>\n<li><strong>Dezember<\/strong> (12.-13.) Chanoyu-Seminare in Wien mit <strong>Hiromi<\/strong> (S\u014dhaku)<strong> Straub-Yamada <\/strong>Sensei (Genf\/Schweiz)<\/li>\n<\/ul>\n","protected":false},"excerpt":{"rendered":"<p>Die Gr\u00fcndungszeremonie: Der Verein\u00a0 \u201eChado Urasenke Tankokai Austria Association\u201c wurde am 19. Oktober 2008 mit Unterst\u00fctzung von NOJIRI (S\u014dmei) Michiko Sensei (Rom\/Italien) gegr\u00fcndet. Michiko Sensei ist die Hauptlehrerin von Tankokai Austria. Gr\u00fcndungs- und Ehrenpr\u00e4sident Prof. DDr. Peter (S\u014do) SCHENDL Ehrengast S.E. Botschafter TANAKA Utsuotoko CERTIFICATE J\u00e4nner (2.-6.) Winter Intensive Tea Ceremony Seminar of Clerlande\/Belgien Februar &hellip; <\/p>\n<p class=\"link-more\"><a href=\"http:\/\/urasenke-austria.at\/?page_id=103\" class=\"more-link\"><span class=\"screen-reader-text\">\u201e2008\u201c <\/span>weiterlesen<\/a><\/p>\n","protected":false},"author":1,"featured_media":0,"parent":0,"menu_order":0,"comment_status":"closed","ping_status":"closed","template":"","meta":{"footnotes":""},"class_list":["post-103","page","type-page","status-publish","hentry"],"_links":{"self":[{"href":"http:\/\/urasenke-austria.at\/index.php?rest_route=\/wp\/v2\/pages\/103","targetHints":{"allow":["GET"]}}],"collection":[{"href":"http:\/\/urasenke-austria.at\/index.php?rest_route=\/wp\/v2\/pages"}],"about":[{"href":"http:\/\/urasenke-austria.at\/index.php?rest_route=\/wp\/v2\/types\/page"}],"author":[{"embeddable":true,"href":"http:\/\/urasenke-austria.at\/index.php?rest_route=\/wp\/v2\/users\/1"}],"replies":[{"embeddable":true,"href":"http:\/\/urasenke-austria.at\/index.php?rest_route=%2Fwp%2Fv2%2Fcomments&post=103"}],"version-history":[{"count":37,"href":"http:\/\/urasenke-austria.at\/index.php?rest_route=\/wp\/v2\/pages\/103\/revisions"}],"predecessor-version":[{"id":903,"href":"http:\/\/urasenke-austria.at\/index.php?rest_route=\/wp\/v2\/pages\/103\/revisions\/903"}],"wp:attachment":[{"href":"http:\/\/urasenke-austria.at\/index.php?rest_route=%2Fwp%2Fv2%2Fmedia&parent=103"}],"curies":[{"name":"wp","href":"https:\/\/api.w.org\/{rel}","templated":true}]}}