{"id":1459,"date":"2025-06-09T17:56:44","date_gmt":"2025-06-09T15:56:44","guid":{"rendered":"http:\/\/urasenke-austria.at\/?page_id=1459"},"modified":"2025-06-09T17:57:52","modified_gmt":"2025-06-09T15:57:52","slug":"2012-3","status":"publish","type":"page","link":"http:\/\/urasenke-austria.at\/?page_id=1459","title":{"rendered":"2012"},"content":{"rendered":"\t\t<div data-elementor-type=\"wp-page\" data-elementor-id=\"1459\" class=\"elementor elementor-1459\">\n\t\t\t\t\t\t<section class=\"elementor-section elementor-top-section elementor-element elementor-element-3505cd89 elementor-section-boxed elementor-section-height-default elementor-section-height-default\" data-id=\"3505cd89\" data-element_type=\"section\" data-e-type=\"section\">\n\t\t\t\t\t\t<div class=\"elementor-container elementor-column-gap-default\">\n\t\t\t\t\t<div class=\"elementor-column elementor-col-100 elementor-top-column elementor-element elementor-element-7eacd756\" data-id=\"7eacd756\" data-element_type=\"column\" data-e-type=\"column\">\n\t\t\t<div class=\"elementor-widget-wrap elementor-element-populated\">\n\t\t\t\t\t\t<div class=\"elementor-element elementor-element-acd5a4b elementor-widget elementor-widget-text-editor\" data-id=\"acd5a4b\" data-element_type=\"widget\" data-e-type=\"widget\" data-widget_type=\"text-editor.default\">\n\t\t\t\t<div class=\"elementor-widget-container\">\n\t\t\t\t\t\t\t\t\t<div class=\"entry-content wp-block-post-content has-global-padding is-layout-constrained wp-block-post-content-is-layout-constrained\"><p><strong>September <\/strong>(1.)<strong>\u00a0<\/strong>Start der <strong>Urasenke Tank\u014dkai Austria \u00dcbungsgruppe<\/strong> in <strong>LINZ<\/strong><\/p><p><strong>September<\/strong> (13.-16.) Chanoyu-Vorf\u00fchrung bei der <strong>8. Wiener Ky\u016bdobegegnung<\/strong><\/p><p><strong>November\u00a0<\/strong>(10. +11.) Chanoyu-Seminar in Wien mit <strong>NOJIRI<\/strong> (S\u014dmei)<strong> Michiko <\/strong>Sensei (Rom, Italien)<\/p><p><strong>November\u00a0<\/strong>(12.) Chanoyu-Vorf\u00fchrung durch <strong>NOJIRI<\/strong> (S\u014dmei)<strong> Michiko<\/strong> Sensei im Jap. Kultur- und Informationszentrum Wien<\/p><p><strong>Dezember<\/strong> (29.) Chanoyu-Vorf\u00fchrung im <strong>Pu Fa Meditationszentrum<\/strong> in Linz<\/p><\/div>\t\t\t\t\t\t\t\t<\/div>\n\t\t\t\t<\/div>\n\t\t\t\t\t<\/div>\n\t\t<\/div>\n\t\t\t\t\t<\/div>\n\t\t<\/section>\n\t\t\t\t<\/div>\n\t\t","protected":false},"excerpt":{"rendered":"<p>September (1.)\u00a0Start der Urasenke Tank\u014dkai Austria \u00dcbungsgruppe in LINZ September (13.-16.) Chanoyu-Vorf\u00fchrung bei der 8. Wiener Ky\u016bdobegegnung November\u00a0(10. +11.) Chanoyu-Seminar in Wien mit NOJIRI (S\u014dmei) Michiko Sensei (Rom, Italien) November\u00a0(12.) Chanoyu-Vorf\u00fchrung durch NOJIRI (S\u014dmei) Michiko Sensei im Jap. Kultur- und Informationszentrum Wien Dezember (29.) Chanoyu-Vorf\u00fchrung im Pu Fa Meditationszentrum in Linz<\/p>\n","protected":false},"author":6,"featured_media":0,"parent":0,"menu_order":0,"comment_status":"closed","ping_status":"closed","template":"","meta":{"footnotes":""},"class_list":["post-1459","page","type-page","status-publish","hentry"],"_links":{"self":[{"href":"http:\/\/urasenke-austria.at\/index.php?rest_route=\/wp\/v2\/pages\/1459","targetHints":{"allow":["GET"]}}],"collection":[{"href":"http:\/\/urasenke-austria.at\/index.php?rest_route=\/wp\/v2\/pages"}],"about":[{"href":"http:\/\/urasenke-austria.at\/index.php?rest_route=\/wp\/v2\/types\/page"}],"author":[{"embeddable":true,"href":"http:\/\/urasenke-austria.at\/index.php?rest_route=\/wp\/v2\/users\/6"}],"replies":[{"embeddable":true,"href":"http:\/\/urasenke-austria.at\/index.php?rest_route=%2Fwp%2Fv2%2Fcomments&post=1459"}],"version-history":[{"count":4,"href":"http:\/\/urasenke-austria.at\/index.php?rest_route=\/wp\/v2\/pages\/1459\/revisions"}],"predecessor-version":[{"id":1558,"href":"http:\/\/urasenke-austria.at\/index.php?rest_route=\/wp\/v2\/pages\/1459\/revisions\/1558"}],"wp:attachment":[{"href":"http:\/\/urasenke-austria.at\/index.php?rest_route=%2Fwp%2Fv2%2Fmedia&parent=1459"}],"curies":[{"name":"wp","href":"https:\/\/api.w.org\/{rel}","templated":true}]}}

<div data-elementor-type="wp-page" data-elementor-id="1459" class="elementor elementor-1459">
						<section class="elementor-section elementor-top-section elementor-element elementor-element-3505cd89 elementor-section-boxed elementor-section-height-default elementor-section-height-default" data-id="3505cd89" data-element_type="section" data-e-type="section">
						<div class="elementor-container elementor-column-gap-default">
					<div class="elementor-column elementor-col-100 elementor-top-column elementor-element elementor-element-7eacd756" data-id="7eacd756" data-element_type="column" data-e-type="column">
			<div class="elementor-widget-wrap elementor-element-populated">
						<div class="elementor-element elementor-element-acd5a4b elementor-widget elementor-widget-text-editor" data-id="acd5a4b" data-element_type="widget" data-e-type="widget" data-widget_type="text-editor.default">
				<div class="elementor-widget-container">
									<div class="entry-content wp-block-post-content has-global-padding is-layout-constrained wp-block-post-content-is-layout-constrained"><p><strong>September </strong>(1.)<strong> </strong>Start der <strong>Urasenke Tankōkai Austria Übungsgruppe</strong> in <strong>LINZ</strong></p><p><strong>September</strong> (13.-16.) Chanoyu-Vorführung bei der <strong>8. Wiener Kyūdobegegnung</strong></p><p><strong>November </strong>(10. +11.) Chanoyu-Seminar in Wien mit <strong>NOJIRI</strong> (Sōmei)<strong> Michiko </strong>Sensei (Rom, Italien)</p><p><strong>November </strong>(12.) Chanoyu-Vorführung durch <strong>NOJIRI</strong> (Sōmei)<strong> Michiko</strong> Sensei im Jap. Kultur- und Informationszentrum Wien</p><p><strong>Dezember</strong> (29.) Chanoyu-Vorführung im <strong>Pu Fa Meditationszentrum</strong> in Linz</p></div>								</div>
				</div>
					</div>
		</div>
					</div>
		</section>
				</div>

<p>September (1.) Start der Urasenke Tankōkai Austria Übungsgruppe in LINZ September (13.-16.) Chanoyu-Vorführung bei der 8. Wiener Kyūdobegegnung November (10. +11.) Chanoyu-Seminar in Wien mit NOJIRI (Sōmei) Michiko Sensei (Rom, Italien) November (12.) Chanoyu-Vorführung durch NOJIRI (Sōmei) Michiko Sensei im Jap. Kultur- und Informationszentrum Wien Dezember (29.) Chanoyu-Vorführung im Pu Fa Meditationszentrum in Linz</p>
