{"id":1494,"date":"2025-06-09T17:57:04","date_gmt":"2025-06-09T15:57:04","guid":{"rendered":"http:\/\/urasenke-austria.at\/?page_id=1494"},"modified":"2025-06-09T17:58:03","modified_gmt":"2025-06-09T15:58:03","slug":"2020-3","status":"publish","type":"page","link":"http:\/\/urasenke-austria.at\/?page_id=1494","title":{"rendered":"2020"},"content":{"rendered":"\t\t<div data-elementor-type=\"wp-page\" data-elementor-id=\"1494\" class=\"elementor elementor-1494\">\n\t\t\t\t\t\t<section class=\"elementor-section elementor-top-section elementor-element elementor-element-3218298 elementor-section-boxed elementor-section-height-default elementor-section-height-default\" data-id=\"3218298\" data-element_type=\"section\" data-e-type=\"section\">\n\t\t\t\t\t\t<div class=\"elementor-container elementor-column-gap-default\">\n\t\t\t\t\t<div class=\"elementor-column elementor-col-100 elementor-top-column elementor-element elementor-element-d130fae\" data-id=\"d130fae\" data-element_type=\"column\" data-e-type=\"column\">\n\t\t\t<div class=\"elementor-widget-wrap elementor-element-populated\">\n\t\t\t\t\t\t<div class=\"elementor-element elementor-element-5978c29c elementor-widget elementor-widget-text-editor\" data-id=\"5978c29c\" data-element_type=\"widget\" data-e-type=\"widget\" data-widget_type=\"text-editor.default\">\n\t\t\t\t<div class=\"elementor-widget-container\">\n\t\t\t\t\t\t\t\t\t<div><p><strong>J\u00e4nner<\/strong> (21.):\u00a0 <strong>Chad\u014d Vorf\u00fchrung <\/strong>in <strong>Bratislava<\/strong>.<\/p><p><strong>M\u00e4rz<\/strong> (14. \u2013 15.):\u00a0 <strong>XIII. <\/strong>Int. Chanoyu-<strong>Seminar<\/strong> in Wien mit <strong>NOJIRI <\/strong>(S\u014dmei)<strong> Michiko\u00a0<\/strong>Sensei (Rom, Italien) <strong>(verschoben aufgrund der\u00a0\u00a0 Coronapandemie)<\/strong><\/p><p><strong>September<\/strong> (11.-13.):\u00a0 Online \u00a0 <strong>NATSU MATSURI <\/strong>(=Sommerfest) an der Japanischen Schule Wien<\/p><p><img fetchpriority=\"high\" decoding=\"async\" class=\"aligncenter\" src=\"http:\/\/urasenke-austria.at\/wp-content\/uploads\/2020\/09\/Online-Natsumatsuri-2-212x300.jpg\" sizes=\"(max-width: 249px) 100vw, 249px\" srcset=\"http:\/\/urasenke-austria.at\/wp-content\/uploads\/2020\/09\/Online-Natsumatsuri-2-212x300.jpg 212w, http:\/\/urasenke-austria.at\/wp-content\/uploads\/2020\/09\/Online-Natsumatsuri-2-724x1024.jpg 724w, http:\/\/urasenke-austria.at\/wp-content\/uploads\/2020\/09\/Online-Natsumatsuri-2-768x1086.jpg 768w, http:\/\/urasenke-austria.at\/wp-content\/uploads\/2020\/09\/Online-Natsumatsuri-2-1086x1536.jpg 1086w, http:\/\/urasenke-austria.at\/wp-content\/uploads\/2020\/09\/Online-Natsumatsuri-2-1449x2048.jpg 1449w, http:\/\/urasenke-austria.at\/wp-content\/uploads\/2020\/09\/Online-Natsumatsuri-2-scaled.jpg 1811w\" alt=\"\" width=\"249\" height=\"352\" \/><\/p><p><strong>September<\/strong> (25.): Ernennung\u00a0 S.E. Botschafter Herrn<strong> Akira MIZUTANI <\/strong>durch o-Iemoto Zab\u014dsai <strong>SEN S\u014dshitsu<\/strong> zum <strong>Honorary Adviser<\/strong> (Urkunde) der <strong>Urasenke Tank\u014dkai Austria<\/strong><\/p><p><img decoding=\"async\" src=\"http:\/\/urasenke-austria.at\/wp-content\/uploads\/2021\/03\/2021-Botschafter-300x225.jpg\" sizes=\"(max-width: 300px) 100vw, 300px\" srcset=\"http:\/\/urasenke-austria.at\/wp-content\/uploads\/2021\/03\/2021-Botschafter-300x225.jpg 300w, http:\/\/urasenke-austria.at\/wp-content\/uploads\/2021\/03\/2021-Botschafter-1024x768.jpg 1024w, http:\/\/urasenke-austria.at\/wp-content\/uploads\/2021\/03\/2021-Botschafter-768x576.jpg 768w, http:\/\/urasenke-austria.at\/wp-content\/uploads\/2021\/03\/2021-Botschafter-1536x1152.jpg 1536w, http:\/\/urasenke-austria.at\/wp-content\/uploads\/2021\/03\/2021-Botschafter.jpg 2016w\" alt=\"\" width=\"300\" height=\"225\" \/><\/p><p><strong>November<\/strong> (17.):\u00a0 TV-Auftritt im ORF mit einer Chad\u014d Vorf\u00fchrung<\/p><\/div>\t\t\t\t\t\t\t\t<\/div>\n\t\t\t\t<\/div>\n\t\t\t\t\t<\/div>\n\t\t<\/div>\n\t\t\t\t\t<\/div>\n\t\t<\/section>\n\t\t\t\t<\/div>\n\t\t","protected":false},"excerpt":{"rendered":"<p>J\u00e4nner (21.):\u00a0 Chad\u014d Vorf\u00fchrung in Bratislava. M\u00e4rz (14. \u2013 15.):\u00a0 XIII. Int. Chanoyu-Seminar in Wien mit NOJIRI (S\u014dmei) Michiko\u00a0Sensei (Rom, Italien) (verschoben aufgrund der\u00a0\u00a0 Coronapandemie) September (11.-13.):\u00a0 Online \u00a0 NATSU MATSURI (=Sommerfest) an der Japanischen Schule Wien September (25.): Ernennung\u00a0 S.E. Botschafter Herrn Akira MIZUTANI durch o-Iemoto Zab\u014dsai SEN S\u014dshitsu zum Honorary Adviser (Urkunde) der &hellip; <\/p>\n<p class=\"link-more\"><a href=\"http:\/\/urasenke-austria.at\/?page_id=1494\" class=\"more-link\"><span class=\"screen-reader-text\">\u201e2020\u201c <\/span>weiterlesen<\/a><\/p>\n","protected":false},"author":6,"featured_media":0,"parent":0,"menu_order":0,"comment_status":"closed","ping_status":"closed","template":"","meta":{"footnotes":""},"class_list":["post-1494","page","type-page","status-publish","hentry"],"_links":{"self":[{"href":"http:\/\/urasenke-austria.at\/index.php?rest_route=\/wp\/v2\/pages\/1494","targetHints":{"allow":["GET"]}}],"collection":[{"href":"http:\/\/urasenke-austria.at\/index.php?rest_route=\/wp\/v2\/pages"}],"about":[{"href":"http:\/\/urasenke-austria.at\/index.php?rest_route=\/wp\/v2\/types\/page"}],"author":[{"embeddable":true,"href":"http:\/\/urasenke-austria.at\/index.php?rest_route=\/wp\/v2\/users\/6"}],"replies":[{"embeddable":true,"href":"http:\/\/urasenke-austria.at\/index.php?rest_route=%2Fwp%2Fv2%2Fcomments&post=1494"}],"version-history":[{"count":4,"href":"http:\/\/urasenke-austria.at\/index.php?rest_route=\/wp\/v2\/pages\/1494\/revisions"}],"predecessor-version":[{"id":1580,"href":"http:\/\/urasenke-austria.at\/index.php?rest_route=\/wp\/v2\/pages\/1494\/revisions\/1580"}],"wp:attachment":[{"href":"http:\/\/urasenke-austria.at\/index.php?rest_route=%2Fwp%2Fv2%2Fmedia&parent=1494"}],"curies":[{"name":"wp","href":"https:\/\/api.w.org\/{rel}","templated":true}]}}

<div data-elementor-type="wp-page" data-elementor-id="1494" class="elementor elementor-1494">
						<section class="elementor-section elementor-top-section elementor-element elementor-element-3218298 elementor-section-boxed elementor-section-height-default elementor-section-height-default" data-id="3218298" data-element_type="section" data-e-type="section">
						<div class="elementor-container elementor-column-gap-default">
					<div class="elementor-column elementor-col-100 elementor-top-column elementor-element elementor-element-d130fae" data-id="d130fae" data-element_type="column" data-e-type="column">
			<div class="elementor-widget-wrap elementor-element-populated">
						<div class="elementor-element elementor-element-5978c29c elementor-widget elementor-widget-text-editor" data-id="5978c29c" data-element_type="widget" data-e-type="widget" data-widget_type="text-editor.default">
				<div class="elementor-widget-container">
									<div><p><strong>Jänner</strong> (21.):  <strong>Chadō Vorführung </strong>in <strong>Bratislava</strong>.</p><p><strong>März</strong> (14. – 15.):  <strong>XIII. </strong>Int. Chanoyu-<strong>Seminar</strong> in Wien mit <strong>NOJIRI </strong>(Sōmei)<strong> Michiko </strong>Sensei (Rom, Italien) <strong>(verschoben aufgrund der   Coronapandemie)</strong></p><p><strong>September</strong> (11.-13.):  Online   <strong>NATSU MATSURI </strong>(=Sommerfest) an der Japanischen Schule Wien</p><p><img fetchpriority="high" decoding="async" class="aligncenter" src="http://urasenke-austria.at/wp-content/uploads/2020/09/Online-Natsumatsuri-2-212x300.jpg" sizes="(max-width: 249px) 100vw, 249px" srcset="http://urasenke-austria.at/wp-content/uploads/2020/09/Online-Natsumatsuri-2-212x300.jpg 212w, http://urasenke-austria.at/wp-content/uploads/2020/09/Online-Natsumatsuri-2-724x1024.jpg 724w, http://urasenke-austria.at/wp-content/uploads/2020/09/Online-Natsumatsuri-2-768x1086.jpg 768w, http://urasenke-austria.at/wp-content/uploads/2020/09/Online-Natsumatsuri-2-1086x1536.jpg 1086w, http://urasenke-austria.at/wp-content/uploads/2020/09/Online-Natsumatsuri-2-1449x2048.jpg 1449w, http://urasenke-austria.at/wp-content/uploads/2020/09/Online-Natsumatsuri-2-scaled.jpg 1811w" alt="" width="249" height="352" /></p><p><strong>September</strong> (25.): Ernennung  S.E. Botschafter Herrn<strong> Akira MIZUTANI </strong>durch o-Iemoto Zabōsai <strong>SEN Sōshitsu</strong> zum <strong>Honorary Adviser</strong> (Urkunde) der <strong>Urasenke Tankōkai Austria</strong></p><p><img decoding="async" src="http://urasenke-austria.at/wp-content/uploads/2021/03/2021-Botschafter-300x225.jpg" sizes="(max-width: 300px) 100vw, 300px" srcset="http://urasenke-austria.at/wp-content/uploads/2021/03/2021-Botschafter-300x225.jpg 300w, http://urasenke-austria.at/wp-content/uploads/2021/03/2021-Botschafter-1024x768.jpg 1024w, http://urasenke-austria.at/wp-content/uploads/2021/03/2021-Botschafter-768x576.jpg 768w, http://urasenke-austria.at/wp-content/uploads/2021/03/2021-Botschafter-1536x1152.jpg 1536w, http://urasenke-austria.at/wp-content/uploads/2021/03/2021-Botschafter.jpg 2016w" alt="" width="300" height="225" /></p><p><strong>November</strong> (17.):  TV-Auftritt im ORF mit einer Chadō Vorführung</p></div>								</div>
				</div>
					</div>
		</div>
					</div>
		</section>
				</div>

<p>Jänner (21.):  Chadō Vorführung in Bratislava. März (14. – 15.):  XIII. Int. Chanoyu-Seminar in Wien mit NOJIRI (Sōmei) Michiko Sensei (Rom, Italien) (verschoben aufgrund der   Coronapandemie) September (11.-13.):  Online   NATSU MATSURI (=Sommerfest) an der Japanischen Schule Wien September (25.): Ernennung  S.E. Botschafter Herrn Akira MIZUTANI durch o-Iemoto Zabōsai SEN Sōshitsu zum Honorary Adviser (Urkunde) der &hellip; </p>
<p class="link-more"><a href="http://urasenke-austria.at/?page_id=1494" class="more-link"><span class="screen-reader-text">„2020“ </span>weiterlesen</a></p>
